e -7*c + 16 = -5*c. Suppose -3*r + c*r = -4*g + 25, 4*g = 4*r + 52. What is the units digit of g?
0
Let z(m) = 15*m**2 + m. Let n be z(1). Suppose -n = -4*g + 4*b, 0 = 5*g - 3*b - 6 - 24. What is the units digit of ((-3)/g)/(1/(-6))?
2
What is the units digit of -1 - 2/(-3) - (-26)/6?
4
Suppose 6 = t - 2*f - 2, -4*t + 23 = -5*f. Suppose 6*z - t*z + 20 = 0. What is the tens digit of 1/5 + (-64)/z?
1
Let i = -260 - -530. What is the tens digit of i?
7
Suppose -450 = -5*j - j. What is the tens digit of j?
7
Let h = -52 + 54. Suppose 5*i = 33 + 102. Suppose -4*g = 5*w - 43, 3*g - i = -h*w - 7. What is the units digit of w?
7
Let i = 6 + 14. Let j = i - -1. What is the tens digit of j?
2
Suppose 2*d = 50 + 72. What is the units digit of d?
1
Let k be ((-6)/(-15))/(4/20). What is the units digit of (-4)/k*-1 - -11?
3
Let g be (-8)/(-3) - (-4)/(-6). What is the units digit of 2 + -2 - (g + -4)?
2
Let m be (7 - 6)/(1/2). Suppose -5*a - 26 = -m*l, -4*l + 80 - 8 = -5*a. What is the tens digit of l?
2
Let p(j) be the second derivative of -j**5/20 + 5*j**4/12 + j**3/3 + 2*j**2 - 6*j. What is the tens digit of p(4)?
2
Let n = -47 + 77. What is the tens digit of n?
3
Let i be 2 + -2 + 3 + -2. Let s = 6 - i. Let j = s + 6. What is the units digit of j?
1
Let x be ((-162)/24)/(3/(-8)). Suppose 0 = -3*j - 4*n - x, j - 5*n = -0*n + 13. What is the tens digit of (-21)/j + (-2)/(-4)?
1
Suppose -12 = -3*v, 0 = -3*l + 3*v + v + 29. What is the tens digit of l?
1
Suppose 4*r + 5*b + 7 = 0, 0 = 2*r + 2*b + 1 + 1. What is the units digit of r + ((-8)/4 - -1)?
1
Let j = -31 + 92. Let k = -29 + j. What is the tens digit of k?
3
Let p = -9 - -15. Let w = p - 2. What is the units digit of w?
4
Suppose 4*f - 52 = 2*z, -2*z + 37 = 3*f - 3*z. Let h(a) = -a**3 + 11*a**2 + a + 7. What is the tens digit of h(f)?
1
Let g = 2 + -10. Let o be 2/g - (-65)/20. Suppose 4*m + 2*j - 35 = 3*j, 0 = -o*m - 3*j + 30. What is the units digit of m?
9
Suppose 3*l - 459 = -3*u + 5*l, 0 = 4*l - 12. Let n = u + -97. Suppose 0 = -4*a + 20, 3*h + 2*a = -h + n. What is the units digit of h?
2
Let f(h) = h**2 - 6*h - 10. Let c be f(7). Let a be (c/(-3)*5)/(-1). Let v = 8 + a. What is the units digit of v?
3
Let l(s) be the second derivative of s**6/180 - s**5/60 + s**4/12 - s. Let d(g) be the third derivative of l(g). What is the units digit of d(2)?
6
Let h(z) = 8*z - 24. What is the tens digit of h(11)?
6
Suppose -n - t = -40, -79 = -n - n - 3*t. What is the units digit of n?
1
Suppose -p = -1 - 70. What is the units digit of p?
1
Let c = -34 + 21. Let t = 9 + c. What is the units digit of 23/4 + (-1)/t?
6
Suppose -6 = -p - 2*p. Suppose 5*x = 4*u - 0*u - 26, p*u - 3*x = 14. What is the units digit of u?
4
Suppose 0 = 4*q + 2*b - 6*b + 12, 5*q - 13 = -2*b. Let x = q - -2. Suppose -x*p - p + 24 = 0. What is the units digit of p?
6
Suppose 3 - 5 = -g. Let m(o) = -5 - 7*o + 3*o**g - 6*o**2 - 6*o**2 - o**3 + 3*o**2. What is the units digit of m(-5)?
5
Suppose 2*k - 55 - 15 = 0. What is the units digit of k?
5
Let f(n) = -n**3 + 4*n**2 - 2*n + 3. Let h(j) = j - 6. Let l be h(10). Let p be f(l). What is the units digit of (-4 - p)/(1/4)?
4
Suppose 3*x - 8*x + 840 = 0. What is the hundreds digit of x?
1
Let a(k) = -10*k - 2. Let b be 8/10*(-5)/2. What is the units digit of a(b)?
8
Suppose -557 = -3*n + l, 4*n - 177 = 3*n - 4*l. What is the units digit of n?
5
Let z(a) = -2 - 5*a - 5 + 3*a + 4*a**2. What is the units digit of z(3)?
3
What is the units digit of 4 + (1 - 3 - 0) - -32?
4
Let h be (-60)/(-14) - (-2)/(-7). Let s(a) be the first derivative of a**4/4 - 5*a**3/3 + 3*a**2 - 4*a - 8. What is the units digit of s(h)?
4
Suppose -34*s + 35*s = 23. What is the tens digit of s?
2
Suppose 37 = 4*b + 5*k, -b - 2*b - 11 = -4*k. What is the units digit of b?
3
Let c = 74 - 3. What is the units digit of c?
1
Suppose -5*w - 20 = 0, -4*m + 36 = -0*m + 4*w. Let c = 18 - m. What is the units digit of c?
5
Let l(u) = -4*u**2. Let d be l(1). Let i(m) = -m**2 - 3*m + 4. Let j be i(d). Suppose 0 = -j*g - 5*g + 80. What is the tens digit of g?
1
Let i = -29 - -64. Suppose 0 = -p + 5*w + i, -p = -0*w - w - 19. Suppose -n + 0*n = -p. What is the tens digit of n?
1
Suppose 9*n + 27 = 10*n. Suppose 2*q = -h + 12, q = -2*q + 3*h + n. What is the units digit of q?
7
Suppose -463 = -9*t + 275. What is the units digit of t?
2
Let z be 2/8 - (-2)/(-8). Suppose z = -4*u + u + 24. What is the units digit of u - (1 - (2 - 0))?
9
Suppose -4*a = 4*t - 16, 3*t + 15 = -5*a + 35. Let c(m) = -2*m - 1. Let y(v) = -4*v - 3. Let d(r) = 7*c(r) - 4*y(r). What is the tens digit of d(a)?
1
Let y(t) be the first derivative of 1/2*t**2 - 3*t + 1/3*t**3 + 2. What is the units digit of y(-3)?
3
Let c = 111 + -60. Suppose 9 = 2*y - c. What is the tens digit of y?
3
Suppose t - 20 = 3*v, 2*v + 19 = -6*t + t. Let g(x) = -2*x - 2. What is the units digit of g(v)?
2
Suppose 0 = 4*a + 4*y + 32, -y - 6 = 2*a + 6. What is the tens digit of 6/a*(-26)/3?
1
Let v(r) = r**2 - 15. Let i be v(7). Suppose y + 34 = 2*u, -3*u = -5*u - y + i. What is the tens digit of u?
1
Let o(s) = -s**3 - 14*s**2 - 14*s - 8. Let m be o(-13). Suppose 16 = m*b + 6, y - 40 = -4*b. What is the units digit of y?
2
Let o = 85 - 8. What is the tens digit of o?
7
Suppose 67 = -3*r - 278. Let n be 2/8 - r/20. What is the units digit of n/4 - (-161)/14?
3
Let y = 5 + -3. What is the tens digit of y/3*(-66)/(-4)?
1
Suppose -4*j - 173 - 178 = -3*c, 5*c - 568 = j. What is the units digit of c?
3
Let h be -1*6/(-4)*6. Let o(p) = -p**2 + 10*p - 7. Let k be o(h). Suppose -3 = -k*c + c. What is the units digit of c?
3
Let p(a) = -a**3 + 3*a**2 + 3*a - 4. Let q be 4 - (3 - 2) - 0. What is the units digit of p(q)?
5
Suppose 3*w = 3*i - 324, 0 = -3*i - 5*w + 4*w + 320. What is the tens digit of i?
0
Suppose 14 = -0*s + 2*s - 2*g, -5*s - 4*g = -62. Let c(b) = 2*b - 6*b + 3*b + 0*b + s. What is the tens digit of c(-8)?
1
Suppose 4*m - 468 = -g, 2*m - 66 = 3*g + 182. What is the units digit of m?
8
Let l(k) = -k**3 + 6*k**2 - 5*k - 2. Let b be l(5). What is the units digit of (-30)/(b + (-1)/(-2))?
0
Suppose -4*f + 81 = -7. Let n = f - 5. What is the tens digit of n?
1
Suppose -f + 5 - 2 = 0, 5*l - 453 = 4*f. What is the tens digit of l?
9
Let d = -635 - -934. What is the hundreds digit of d?
2
Let r = 0 + 7. Suppose -r = -4*k + 1. Suppose f - 1 + 8 = k*t, -5*t = -25. What is the units digit of f?
3
Let m = -35 + 59. What is the tens digit of m?
2
Suppose 2*g + 4*q - 74 = 0, -6*g = -2*g + 5*q - 145. What is the tens digit of g?
3
Let w = -60 + 400. What is the hundreds digit of w?
3
Let y = 40 - 26. Let o = y + -21. Let k = 12 + o. What is the units digit of k?
5
Let q(i) be the first derivative of 3*i**2/2 + 2. What is the units digit of q(1)?
3
Let p(j) = -28*j + 25. What is the tens digit of p(-3)?
0
Let l(m) be the second derivative of m**5/20 + 13*m**4/12 + 13*m**3/6 + 8*m**2 + 2*m. What is the units digit of l(-12)?
4
Let o(m) be the third derivative of -m**5/60 + m**4/24 + m**3/2 + 2*m**2. Let s be o(3). Let h = s - -4. What is the units digit of h?
1
Suppose 1 = z - 1. Suppose 0*y = -z*y + 12. What is the units digit of y?
6
Suppose m = -4*m + 160. What is the units digit of m?
2
Let v(k) = 8*k - 5. Let p = 12 + -9. What is the units digit of v(p)?
9
Let b = 201 - 128. Suppose 5*z - b = -23. What is the tens digit of z?
1
Let q(p) = -8*p**3 + p**2 + 2*p - 26. Let h(i) = -3*i**3 + i - 9. Let n(a) = -11*h(a) + 4*q(a). What is the units digit of n(-4)?
7
Suppose 3*l + l = 132. Let v = 57 - l. What is the units digit of v?
4
Suppose -7*f + 15 = -2*f. Suppose f*n + 4*q - 46 = 31, -2*n + 4*q = -18. What is the units digit of n?
9
Let z(f) = -f**3 + 5*f**2 - 3*f + 2. Let x be z(4). Let g = 9 - x. What is the units digit of g?
3
Let y(c) = 2*c**2 - 2*c. Suppose 3 = -3*g + 4*g. Let z be 4/g + 6/9. What is the units digit of y(z)?
4
Suppose 5 = -2*y + 13. What is the units digit of y?
4
Suppose -41 = -3*d - 5*r, 0 = -4*d + 2*r + 2*r + 76. Suppose -f - d = -49. What is the tens digit of f?
3
Suppose -4*u = -4*s + 32, 0 = 5*s + 5*u - 16 - 14. Suppose s*k + x = 4*k + 79, -131 = -5*k - x. What is the units digit of k?
6
Let v = -45 - -105. Let u = -40 + v. What is the units digit of u?
0
Let j = 89 + 